b + -35. Let i(r) = -5*r**3 - 5*r + 4*r**3 + 2 + r**a + 4*r - 1. What is i(0)?
1
Suppose -5*f + 996 = -2*b, -2*b = -2*f + b + 394. Let x = f + -196. Let h(n) = -8*n + 4. Calculate h(x).
-28
Let g(v) be the third derivative of -v**6/120 + v**5/60 - v**4/24 + 7*v**3/6 - 1661*v**2. Give g(2).
1
Let b(r) be the second derivative of -r**4/12 - 3*r**3/2 + 5*r**2/2 + r - 913. Let d = 13 - 21. Calculate b(d).
13
Let x(m) = 21*m**2 + 4*m + 4. Let p(z) be the third derivative of -19*z**5/60 - z**4/12 - z**3/2 + 231*z**2. Let i(r) = 3*p(r) + 2*x(r). What is i(1)?
-14
Let k = 32 + -33. Let z(t) be the second derivative of -13*t**4/6 + 67*t. Calculate z(k).
-26
Suppose -46 - 38 = -14*x. Let s(j) = -9*j**2 + 6 + 0*j**2 + x*j - 15*j - j**3. What is s(-8)?
14
Let u(z) = 12*z**2 + z + 8. Let v(y) = 44*y - 9*y - 33*y + 14*y**2 + 9. Let a(c) = 6*u(c) - 5*v(c). Determine a(2).
3
Let a(i) be the third derivative of i**6/120 - 2*i**5/15 + 7*i**4/24 - 2*i**3/3 - i**2. Let p be (84/(-16))/(5/(400/(-60))). Determine a(p).
-4
Let o(p) = -19*p + 1. Let y(a) = a**3 + 16*a**2 - 113*a - 18. Let l(h) = 5*o(h) - y(h). Let n = -38 - -21. What is l(n)?
6
Let p(k) be the third derivative of -1/2*k**3 + 0*k + 0 + 7/12*k**4 - 37*k**2. What is p(2)?
25
Suppose -39*q + 28 = -32*q. Let o(z) = 3*z**2 + 3*z**2 + 7*z**3 - 24*z + 22*z + 1 - q*z**2. Calculate o(1).
8
Suppose 54*z - 33 = 43*z. Let j(q) = 59517*q - 59518*q - z + 9. Calculate j(7).
-1
Let d(i) be the first derivative of 2*i**2 + 42*i + 5087. What is d(13)?
94
Let n(s) = -15*s - 217. Let f(m) = 10. Let y(x) = -3*f(x) - n(x). Determine y(-13).
-8
Let t(m) = 16*m**2 + 29*m + 41. Let w(a) = -3*a**2 - 6*a - 8. Let y(s) = 2*t(s) + 11*w(s). Let d be (-12 + 60)/(-8)*(-20 + 21). Calculate y(d).
6
Let c(b) = -3*b**2 + b - 1. Let h(n) be the third derivative of -4*n**5/15 + n**4/6 - 7*n**3/6 - n**2 + 119. Let r(s) = -5*c(s) + h(s). Determine r(-3).
-8
Suppose -4*g = -c - 11 - 20, 3*g = -c + 11. Let h(w) = -25*w + 141. Calculate h(g).
-9
Suppose -5*h - 2*l - 21 = 0, h + 6 = -4*l + 3*l. Let i be ((-1)/2)/(h/(-18)). Let n(m) = 2125*m**2 - 9 - m**3 - 2128*m**2 + 12 - 1. Determine n(i).
2
Let v(o) = -2*o + 12. Suppose 0 = -3*t - 8*t + 44. Let x(d) = 2*d - 10. Let a(h) = t*v(h) + 5*x(h). Give a(3).
4
Let y(r) = -r**3 - 33*r**2 + 133*r + 5283. Let n be y(-32). Let b(c) = -2*c + 0*c**2 + 0*c**2 - 1 + c**2. Calculate b(n).
2
Let t be (-2 + 0)*3/(-2). Let g(f) = -f**t + 2*f**3 + 4*f**2 + 3 - f**3 + f**3. Suppose -12*y - 31 = 17. Determine g(y).
3
Let x(u) be the first derivative of 2*u**3/3 + 27*u**2/2 + 81*u - 7509. Determine x(-8).
-7
Let j(a) be the second derivative of a**5/10 + 17*a**4/6 - a**3/3 - 39*a**2/2 + 8538*a. What is j(-17)?
-5
Let z(d) be the third derivative of -d**5/60 + 7*d**4/24 - 5*d**3/2 - 29*d**2 - 8. What is z(5)?
-5
Let d(g) = -g**3 + 6*g**2 + 5*g + 8. Let y(r) be the second derivative of -r**5/20 + 17*r**4/12 + 10*r**3 + 7*r**2/2 + 44*r. Let f be y(20). Calculate d(f).
-6
Let k be (7 + -8 - 9)*-2. Let u(i) = -i**2 + 19*i + 9. Calculate u(k).
-11
Suppose 4*o = 4*r + 20, 10 = -o + 3*o + r. Suppose 3*q = 4*q - o. Let n(u) = q - 5 + 3*u - 2 - 5*u. What is n(2)?
-6
Suppose 0 = -3*v - 10 + 22. Let q = 3 + 0. Let j(a) = 6*a**2 - a**2 - 4*a + 2 + 0 - a**q. Give j(v).
2
Let s be (-3)/(-2)*((-493)/(-51))/29*6. Let j(f) = 2*f + 4 - 4*f**2 + 6*f**2 - 3*f**2. Calculate j(s).
1
Let f(s) = 6*s + 3. Let q(a) = -38*a + 2120. Let h be q(56). Calculate f(h).
-45
Let z(s) = 3*s**2 + 8. Suppose -66*p + 45 = 247 - 4. Calculate z(p).
35
Let r(t) = 20*t**2 - 22 + 4 + 2*t**3 - 23 + 3*t - 48*t**2 + 0. Calculate r(14).
1
Let m(x) be the second derivative of x**5/20 + 17*x**4/12 - 13*x**3/2 - 17*x**2 + 3509*x. Give m(-19).
-15
Let d be 17/(-51) - (-50)/6. Let u be (-5)/2 - 28/d. Let i(g) be the first derivative of -g**2/2 - 4*g + 26. Give i(u).
2
Let x(u) = -27*u + 1. Let y(s) = -320*s + 50. Let n(a) = 12*x(a) - y(a). Determine n(-14).
18
Let v(h) = 4*h**2 + 4*h + 3. Suppose -99 = 16*t + 27*t + 56*t. What is v(t)?
3
Let v(o) = -8*o**2 - 66*o + 42*o - 11 + 12*o + 9*o**2. Let f(l) = -26*l**3 - l**2 - 3*l - 2. Let b be f(-1). Suppose 0 = -6*a + 4*a + b. What is v(a)?
2
Suppose -24*s + 20*s = 4*u + 80, -24 = u + 5*s. Let i(g) = 7*g**2 - 14*g + 31. Let w(x) = 22*x**2 - 43*x + 96. Let a(m) = u*i(m) + 6*w(m). Calculate a(7).
-6
Let i(q) be the third derivative of -q**4/24 - q**2. Let p be 6/(-9)*42/28. Let m be 11 - p - 270/27. What is i(m)?
-2
Suppose -72 = -6*y + 36. Let m = y - 5. Let g(o) = m*o - 7*o**2 + 5 + 3*o**2 - 11*o + 3*o**2. Calculate g(5).
-10
Let j(q) be the second derivative of 23*q**5/60 + q**3/6 + 6*q**2 - 73*q. Let v(x) be the first derivative of j(x). Give v(-1).
24
Let l(n) = -9*n**3 - 54*n**2 - 34*n + 3. Let y(a) = -5*a**3 - 28*a**2 - 21*a + 1. Let k(v) = -6*l(v) + 11*y(v). What is k(14)?
7
Let b = 8392 + -8391. Let j(w) = -3*w**3 - 6*w**2 + 12*w - 7. Give j(b).
-4
Suppose -2*f = -5*c - 39, 2*f - 5*f + 2*c + 31 = 0. Let p(w) = w**3 - 5*w**2 - 8*w - 37. Let h be p(f). Let x(l) = -l**3 + 5*l**2 - l + 4. Calculate x(h).
-1
Let o(r) = -r. Let j(z) = 18*z + 11. Let h(u) = 17*u + 8. Let p(i) = 4*h(i) - 3*j(i). Let c(l) = 3*o(l) + p(l). Calculate c(-2).
-23
Let b(y) be the third derivative of -y**5/60 + 5*y**4/6 - 7*y**3/6 - y**2 - 29*y. Let j(u) = 2*u**2 - 38*u + 15. Let d(k) = -11*b(k) - 6*j(k). Give d(6).
-1
Let y(n) = 122*n**2 + 1 + 562*n**2 - n**3 - 673*n**2 - 13*n. Calculate y(9).
46
Suppose 2*r = -3*r - 30. Let j(h) be the first derivative of h**4/4 + 7*h**3/3 + 5*h**2/2 - 8*h + 41935. Give j(r).
-2
Let v(i) = -5*i + 2627 - 6970 + i**2 + 4345. Let b = 22 - 14. Let x = 11 - b. Calculate v(x).
-4
Let j(x) = x**3 - 14*x**2 + 14*x - 15. Suppose 0 = y - 2*c + 99, 5*y = 8*c - 3*c - 470. Let b = y - -102. Calculate j(b).
-2
Suppose f - 2*d + 0*d = 12, 5*f + 2*d - 84 = 0. Let o(t) = -f*t**2 + 25*t**2 - 310*t - 1 + 19*t**2 + 308*t. Determine o(-1).
29
Let j = 165 + -439. Let i = j - -273. Let a(w) = 18*w - 2. What is a(i)?
-20
Let i(w) = -65*w + 40. Let o(s) = 158*s - 81. Let f(b) = 5*i(b) + 2*o(b). Calculate f(9).
-43
Suppose 2*g - 14 = 3*y, g - 16 = -g + 4*y. Let j(p) = 4838 + 2*p + 0*p**2 - 9686 - p**2 + 4842. Give j(g).
-14
Let o(v) be the second derivative of -v**5/60 - 5*v**4/24 + 2*v**3/3 - 12*v**2 + 11*v + 2. Let t(g) be the first derivative of o(g). Calculate t(-6).
-2
Suppose -6*f + 7*f + 186 = 0. Let q = -124 - f. Let g = q - 60. Let j(y) = 2*y**3 - 3*y**2 + 2*y - 1. What is j(g)?
7
Let z(a) = -84*a - 84*a + a**2 - 2*a**2 + 166*a. Let p(k) = k - 4. Let s be p(0). What is z(s)?
-8
Let t(o) = -29 + 8755*o**2 + 58*o - 38*o - 8754*o**2. What is t(-21)?
-8
Let k(s) be the first derivative of -s**6/120 - s**5/10 + s**4/4 - 4*s**3/3 + 7*s**2 + 45. Let h(d) be the second derivative of k(d). Determine h(-7).
-1
Let q(w) = -7 + 43 - 12 - 5*w - 10 - 15. What is q(6)?
-31
Suppose 3*d - 18 = 4*d. Let b(x) = 12*x - 16. Let f be b(1). Let k be 225/d*f/10. Let o(p) = -2*p + 7. Determine o(k).
-3
Let k be 2/11 - 595/(-55). Let w(m) = 13*m + 19. Let c(v) = -7*v - 10. Let u(r) = k*c(r) + 6*w(r). Let b be (-4)/((-80)/(-12) - 8). Calculate u(b).
7
Let i = -505 + 251. Let v = 246 + i. Let q(l) = -3*l - 18. Calculate q(v).
6
Let v(c) = -c - 25 - 3*c + 6*c - 1. Suppose 58*j - 339 = 243 + 114. Determine v(j).
-2
Suppose -4*b = t + 7, -16 = -4*t + 122*b - 127*b. Let o(v) = v + 10. What is o(t)?
19
Let n(l) = l**3 + 9*l**2 + 9*l - 2. Let x be -3*4/(-18)*(-3 + -12). Let y(h) = -h**3 - 8*h**2 + 21*h + 2. Let t be y(x). Give n(t).
-10
Let m be (-3*8/18)/(16/84) + 1. Let f(h) = -h**2 - 2 + 5*h + h**2 + 2*h**2. Determine f(m).
40
Let h(z) = 10*z - 2. Let k(y) = -11*y + 2. Let l(b) = 6*h(b) + 5*k(b). Let r(j) = -10*j**3 + 5*j**2 + 6*j. Let t be r(-1). Let g = t - 7. Give l(g).
8
Let i(d) = 47*d - 190. Let k(u) = -80*u + 381. Let f(g) = -5*i(g) - 3*k(g). Give f(39).
2
Suppose -6*c + 0*c = -72. Suppose n - 4*f = -14, 0 = -4*n - 0*n - f + c. Suppose 0 = -3*g + 2*t - 21, -n*t - 19 = 5*g - 0*t. Let v(l) = -l. What is v(g)?
5
Let d(m) = 6*m**3 + 20*m**2 + 9*m - 21. Let g(n) = 5*n**3 + 19*n**2 + 7*n - 21. Let p(c) = 4*d(c) - 5*g(c). Let v = 290 + -305. Determine p(v).
6
Let g(f) = -61*f - 235. Let d be g(-5). Suppose 0 = -9*u - 5*u - d. Let w(i) = 4*i + 4. What is w